r of 120 and 374360?
40
Calculate the highest common factor of 284 and 1692.
4
What is the greatest common factor of 3654 and 46802?
14
What is the greatest common divisor of 88 and 1033692?
44
Calculate the greatest common factor of 1512172 and 505.
101
Calculate the greatest common divisor of 65 and 425815.
65
What is the highest common divisor of 42 and 283227?
21
What is the greatest common divisor of 4828 and 952?
68
What is the greatest common divisor of 1509 and 183?
3
What is the highest common factor of 411053 and 118?
59
What is the greatest common factor of 61965 and 306?
153
Calculate the greatest common divisor of 298 and 857197.
149
What is the greatest common divisor of 26062 and 2512?
314
What is the greatest common divisor of 14606 and 2278?
134
Calculate the greatest common divisor of 34710 and 585.
195
What is the greatest common factor of 2714 and 151754?
46
What is the highest common factor of 1647544 and 41?
41
Calculate the highest common factor of 821465 and 380.
95
Calculate the greatest common divisor of 1298188 and 1156.
1156
What is the greatest common factor of 139865 and 22?
11
Calculate the greatest common divisor of 22 and 11462.
22
Calculate the greatest common divisor of 306 and 101082.
102
What is the highest common factor of 20992 and 40?
8
Calculate the highest common divisor of 1305 and 648063.
261
What is the highest common divisor of 1235 and 334780?
95
Calculate the greatest common divisor of 2670704 and 16.
16
Calculate the greatest common factor of 104 and 50664.
8
Calculate the highest common divisor of 86267 and 10131.
307
Calculate the highest common divisor of 12851 and 426.
71
What is the highest common factor of 329 and 92449?
329
What is the greatest common factor of 2177210 and 665?
665
What is the highest common factor of 232502 and 606?
202
What is the greatest common factor of 3394519 and 139?
139
What is the greatest common factor of 67365 and 1620?
135
Calculate the greatest common divisor of 5338 and 272.
34
What is the greatest common factor of 962 and 6402110?
962
Calculate the highest common divisor of 187979 and 1012.
253
What is the highest common divisor of 48895 and 52745?
385
What is the greatest common divisor of 780 and 6030?
30
Calculate the highest common factor of 3043994 and 226.
226
Calculate the greatest common divisor of 3888 and 369.
9
What is the greatest common divisor of 1060 and 53954?
106
Calculate the highest common divisor of 5645 and 5.
5
What is the highest common divisor of 26880 and 120?
120
Calculate the greatest common divisor of 216 and 33156.
108
What is the greatest common divisor of 615844 and 1276?
116
Calculate the highest common factor of 2844 and 6372693.
711
What is the greatest common divisor of 25 and 276245?
5
What is the highest common divisor of 2935 and 350?
5
Calculate the highest common divisor of 4251 and 312.
39
Calculate the greatest common divisor of 180451 and 279.
31
Calculate the greatest common factor of 800338 and 77.
77
Calculate the greatest common factor of 594 and 1296.
54
Calculate the greatest common factor of 261 and 61929.
9
Calculate the highest common divisor of 15577 and 6512.
37
What is the highest common divisor of 72 and 870732?
36
Calculate the greatest common factor of 10885 and 140.
35
What is the greatest common divisor of 135 and 16290?
45
Calculate the greatest common factor of 1716 and 297.
33
What is the greatest common factor of 2730 and 4485?
195
Calculate the greatest common factor of 67032 and 6027.
147
Calculate the highest common factor of 338220 and 30.
30
Calculate the greatest common divisor of 509211 and 27.
9
Calculate the greatest common factor of 3584 and 224.
224
What is the greatest common factor of 1500 and 280?
20
What is the greatest common divisor of 12 and 804?
12
Calculate the highest common divisor of 15178425 and 1383.
1383
What is the highest common divisor of 102189 and 92?
23
What is the highest common factor of 11791478 and 166?
166
What is the greatest common divisor of 7055330 and 10?
10
Calculate the greatest common divisor of 61490 and 1950.
130
What is the greatest common factor of 52 and 269044?
4
Calculate the highest common factor of 74 and 241425.
37
Calculate the greatest common factor of 4480 and 800.
160
What is the highest common divisor of 159412 and 33?
11
Calculate the highest common divisor of 29030 and 75.
5
Calculate the highest common factor of 272 and 177140.
68
What is the highest common divisor of 16443 and 5670?
567
Calculate the greatest common factor of 3668 and 273.
7
What is the greatest common divisor of 4320 and 44865?
45
What is the greatest common divisor of 43576 and 260?
52
What is the greatest common factor of 67640 and 190?
190
Calculate the highest common divisor of 744812 and 316.
316
Calculate the greatest common divisor of 61600 and 176.
176
Calculate the greatest common divisor of 140 and 3380.
20
What is the highest common factor of 108 and 144234?
54
Calculate the greatest common factor of 76760 and 20520.
760
Calculate the greatest common factor of 22 and 716683.
11
What is the greatest common divisor of 185 and 228142?
37
What is the highest common factor of 141056 and 114?
38
What is the highest common factor of 25081 and 91?
7
What is the highest common divisor of 217 and 7189?
7
Calculate the greatest common factor of 286 and 508222.
286
What is the greatest common divisor of 728400 and 840?
120
Calculate the highest common factor of 196 and 67571.
49
What is the highest common divisor of 5810 and 93170?
70
What is the greatest common factor of 3500 and 389480?
140
Calculate the greatest common divisor of 31507 and 245.
49
What is the highest common factor of 231 and 283437?
231
Calculate the highest common divisor of 10137968 and 16.
16
What is the highest common divisor of 31845 and 330?
165
What is the highest common divisor of 616 and 4488?
88
What is the greatest common factor of 69552 and 27?
27
Calculate the greatest common factor of 24462 and 2114.
302
Calculate the highest common divisor of 7263 and 5211.
27
Calculate the greatest common factor of 3188346 and 56.
14
Calculate the greatest common factor of 113805 and 3060.
45
Calculate the greatest common factor of 7236 and 366356.
268
What is the greatest common divisor of 4518 and 175198?
502
Calculate the highest common divisor of 98 and 216874.
98
What is the greatest common divisor of 24 and 449?
1
What is the highest common factor of 18 and 13941?
9
Calculate the highest common divisor of 217504 and 224.
224
What is the highest common factor of 13 and 688298?
13
What is the greatest common divisor of 220 and 496560?
20
What is the greatest common divisor of 3640 and 146640?
520
What is the greatest common divisor of 350 and 20850?
50
Calculate the highest common factor of 123 and 8692.
41
Calculate the highest common divisor of 267 and 56782.
89
Calculate the highest common factor of 57992 and 440.
88
What is the highest common factor of 148280 and 110?
110
What is the greatest common factor of 57624 and 840?
168
What is the greatest common factor of 698 and 1645186?
698
Calculate the greatest common divisor of 1183 and 791.
7
Calculate the greatest common factor of 9141114 and 246.
246
Calculate the greatest common factor of 4032 and 254952.
72
What is the greatest common factor of 2718 and 21?
3
What is the highest common divisor of 1555 and 30?
5
Calculate the greatest common divisor of 354 and 3466250.
118
Calculate the highest common divisor of 355142 and 854.
122
Calculate the greatest common divisor of 261400 and 920.
40
Calculate the highest common factor of 225220 and 20.
20
What is the greatest common factor of 708 and 202724?
236
Calculate the greatest common divisor of 628 and 306.
2
Calculate the highest common factor of 32774 and 28.
14
Calculate the greatest common factor of 80 and 46630.
10
Calculate the highest common divisor of 57 and 2142687.
57
What is the greatest common factor of 646 and 6517?
19
What is the greatest common factor of 770364 and 216?
108
What is the highest common divisor of 459 and 86343?
51
Calculate the greatest common divisor of 60534 and 65664.
1026
Calculate the greatest common factor of 12810 and 12.
6
Calculate the greates